base 8, what is -3 - -576201?
576176
In base 12, what is 175a99 - -3?
175aa0
In base 10, what is -8825 + -4?
-8829
In base 9, what is 2840876 + -1?
2840875
In base 5, what is -10 + -130434?
-130444
In base 16, what is 60 + 52?
b2
In base 4, what is -12001332 + -1?
-12001333
In base 11, what is -4 - 72788?
-72791
In base 4, what is 21 + 3233211?
3233232
In base 14, what is -53c6 + b?
-53b9
In base 5, what is 1320 + -1303?
12
In base 3, what is -122200211 + -11?
-122200222
In base 3, what is -10 - 2011002220?
-2011010000
In base 3, what is -2 + -112112011?
-112112020
In base 14, what is -2b + -b81?
-bac
In base 5, what is -1302012334 - 1?
-1302012340
In base 14, what is 4 + -2067?
-2063
In base 13, what is 54 + 5322?
5376
In base 8, what is -6 - -647721?
647713
In base 11, what is 15 - 347a?
-3465
In base 12, what is -1 - -9752?
9751
In base 3, what is 12 - -2002001021?
2002001110
In base 3, what is -1022100 - -10111?
-1011212
In base 12, what is -325 - 148?
-471
In base 14, what is 3c + -3280?
-3242
In base 8, what is 132447 - 0?
132447
In base 6, what is -151001 - -144?
-150413
In base 12, what is -2 - -356a2?
356a0
In base 3, what is 12022211 - 10?
12022201
In base 13, what is -2 + -7b105?
-7b107
In base 5, what is -131231 + 1010?
-130221
In base 3, what is 200101 + -110012?
20012
In base 2, what is 1 + -10101010111000100?
-10101010111000011
In base 13, what is -1 + 1b87b?
1b87a
In base 2, what is 10000100101 + 10100011?
10011001000
In base 8, what is 3152 - 71?
3061
In base 3, what is -22221 + -211?
-100202
In base 4, what is 1110101 + 1?
1110102
In base 12, what is -1 + 4736?
4735
In base 16, what is -6db5aa + -3?
-6db5ad
In base 3, what is 120200 - 1020?
112110
In base 13, what is -1c18 - -4?
-1c14
In base 7, what is -42 + 51210?
51135
In base 8, what is -150 + -36625?
-36775
In base 4, what is -101320 - -10331?
-30323
In base 11, what is 892a + -59?
8881
In base 16, what is 8df9c - -4?
8dfa0
In base 8, what is -235 - -1410?
1153
In base 10, what is 596146 - 1?
596145
In base 10, what is -8 + 23253?
23245
In base 4, what is 10 + -1120303221?
-1120303211
In base 5, what is 2012444 - 10?
2012434
In base 7, what is -2 - 1416162?
-1416164
In base 14, what is -2 + 3b27?
3b25
In base 9, what is -44 - -1685?
1641
In base 11, what is -22160 - 0?
-22160
In base 10, what is 1 - 509189?
-509188
In base 2, what is -10010000011000100011 + -100?
-10010000011000100111
In base 3, what is -20220210 + -102?
-20221012
In base 16, what is -268ce + 1?
-268cd
In base 6, what is 22113 - -1020?
23133
In base 14, what is 9bd + 5b?
a3a
In base 6, what is 22534 + 10?
22544
In base 8, what is -23 + 2742?
2717
In base 9, what is -3601786 + 2?
-3601784
In base 7, what is -3 - -50315?
50312
In base 7, what is 12 + -1006625?
-1006613
In base 12, what is -1baab3 - -3?
-1baab0
In base 14, what is 104bdb + -4?
104bd7
In base 11, what is -8 + 2178?
2170
In base 2, what is 11010110000101101 - -11?
11010110000110000
In base 8, what is -1574 + -2112?
-3706
In base 8, what is -416 + -4432?
-5050
In base 12, what is 0 + 128310?
128310
In base 6, what is -10010 - 5?
-10015
In base 14, what is -59 - -a48?
9cd
In base 7, what is -5521 + 5056?
-432
In base 9, what is -865566 - -2?
-865564
In base 12, what is 4 + a7a8?
a7b0
In base 8, what is -544055 + 11?
-544044
In base 15, what is 1 - ce7b?
-ce7a
In base 6, what is -325 - -54?
-231
In base 9, what is 4 - 218732?
-218727
In base 13, what is -2 - 8c9c3?
-8c9c5
In base 8, what is 106 - -55616?
55724
In base 7, what is 3160552 + -3?
3160546
In base 14, what is 8 + c8d42?
c8d4a
In base 15, what is -7a65 + 0?
-7a65
In base 13, what is -22 + -3952?
-3974
In base 2, what is -101 - 111001010110011001?
-111001010110011110
In base 5, what is -300 + -21?
-321
In base 11, what is -a405 + 49?
-a367
In base 14, what is -a8 - 8675?
-873d
In base 5, what is 224 + -4002?
-3223
In base 10, what is -227 - -19?
-208
In base 12, what is -4853a + -36?
-48574
In base 2, what is -11000001011101011010 + 10?
-11000001011101011000
In base 10, what is -149989 + -4?
-149993
In base 14, what is -12 - -21d?
20b
In base 15, what is -5 - -78eea?
78ee5
In base 6, what is 130503 + 0?
130503
In base 10, what is 170196 - 4?
170192
In base 10, what is 57 - 6094?
-6037
In base 9, what is 50 - -821?
871
In base 13, what is -1a - 270?
-28a
In base 13, what is 6 + 13360?
13366
In base 7, what is -3 + -1501636?
-1501642
In base 12, what is -953 + -110b?
-1a62
In base 2, what is -1100011 - 11001110000?
-11011010011
In base 8, what is 0 + -307053?
-307053
In base 7, what is -2636 + 13?
-2623
In base 9, what is 362201 - -3?
362204
In base 10, what is -126369 + -4?
-126373
In base 5, what is 100000042 - 33?
100000004
In base 14, what is -306bd2 + -2?
-306bd4
In base 4, what is -13122 + -110230?
-130012
In base 4, what is 10 - 22112210?
-22112200
In base 4, what is -1111212131 - -11?
-1111212120
In base 2, what is 1100010000011011100 - -11?
1100010000011011111
In base 9, what is -22 + 4505?
4473
In base 2, what is 1101101101101 - 11?
1101101101010
In base 8, what is -522 + 143?
-357
In base 11, what is -5 - -292a4?
2929a
In base 2, what is 1011110111101101010001 + 0?
1011110111101101010001
In base 11, what is 1 - -1206a9?
1206aa
In base 13, what is a37 + -c5?
942
In base 9, what is -2611 + -56?
-2667
In base 10, what is -3487 - 7?
-3494
In base 4, what is 132311 - -102?
133013
In base 13, what is 169 - -3a0?
539
In base 4, what is 133132320 - 2?
133132312
In base 13, what is 8 - -c?
17
In base 7, what is 131214 + 5?
131222
In base 15, what is -2b + 12d?
102
In base 2, what is 110110101101 - -110011?
110111100000
In base 6, what is -2405 + 214?
-2151
In base 16, what is -16f + 450?
2e1
In base 2, what is 10000100111001010001 - -1?
10000100111001010010
In base 4, what is 2 - -202133?
202201
In base 4, what is -3013201 + -31?
-3013232
In base 12, what is 26 - 284b6?
-28490
In base 2, what is 100100011001110 + -11?
100100011001011
In base 13, what is -24 + -153?
-177
In base 8, what is 2433 + -76?
2335
In base 10, what is 33 + -1098?
-1065
In base 9, what is 3 + -14564?
-14561
In base 16, what is -3 + f801d?
f801a
In base 15, what is -3 + 589?
586
In base 12, what is 16 - -436b6?
43710
In base 16, what is 86fc + 4?
8700
In base 11, what is 15642 + 2?
15644
In base 15, what is -6059 - 5?
-605e
In base 4, what is 2221033 - -1003?
2222102
In base 11, what is 20872 - 14?
20859
In base 3, what is -101120011 - -12?
-101112222
In base 15, what is -106 + 18ee?
17e8
In base 14, what is 4c7b + 0?
4c7b
In base 12, what is -2 + -2b2b4?
-2b2b6
In base 5, what is -1 - -31321443?
31321442
In base 12, what is -4279 + 412?
-3a67
In base 16, what is c380b - 4?
c3807
In base 2, what is -10010110100 + 1110011001?
-100011011
In base 3, what is 2022211000 - -102?
2022211102
In base 13, what is 49 + -1680?
-1634
In base 4, what is 2 + 23131033?
23131101
In base 6, what is -20 + -13020?
-13040
In base 13, what is -786 + 8?
-77b
In base 14, what is -2 + 4476?
4474
In base 6, what is 1135 + 5330?
10505
In base 8, what is 43760 - 5?
43753
In base 9, what is 3 + -61428?
-61425
In base 9, what is -2310 - -418?
-1781
In base 9, what is 1 - -103803?
103804
In base 14, what is -84 + 270?
1ca
In base 5, what is 10200 + -1433?
3212
In base 11, what is 1442 + 5?
1447
In base 4, what is 13202132 - -10?
13202202
In base 6, what is 11152 - -10?
11202
In base 16, what is 3 - 260f3?
-260f0
In base 8, what is 1641 + 267?
2130
In base 10, what is 0 + -3554?
-3554
In base 2, what is 10000101000110100 + -111001?
10000100111111011
In base 11, what is 0 + -3266?
-3266
In base 15, what is 7e + 731?
7b0
In base 10, what is 2 - 443198?
-443196
In base 7, what is -4 + -140011?
-140015
In base 4, what is 0 + -1130203?
-1130203
In base 15, what is 180 + -18c?
-c
In base 14, what is -2201 - 9?
-220a
In base 11, what is 1533 - -3?
1536
In base 12, what is -3 - -579a50?
579a49
In base 6, what is 2 - -14553451?
14553453
In base 10, what is -5 + -6764?
-6769
In base 8, what is -5 - 40375?
-40402
In base 6, what is 331402 + -4?
331354
In base 16, what is 39 - -2d8?
311
In base 14, what is 26 - -c21?
c47
In base 8, what is 2521 + 735?
3456
In base 14, what is 5 + -3223?
-321c
In base 11, what is -688a0 + -4?
-688a4
In base 3, what is 22